{"id":831,"date":"2024-06-28T15:50:12","date_gmt":"2024-06-28T13:50:12","guid":{"rendered":"https:\/\/orthopara.store\/?post_type=product&#038;p=831"},"modified":"2024-11-10T16:16:16","modified_gmt":"2024-11-10T15:16:16","slug":"creme-de-nuit-regenerante-et-anti-rides-magiclear","status":"publish","type":"product","link":"https:\/\/orthopara.store\/?product=creme-de-nuit-regenerante-et-anti-rides-magiclear","title":{"rendered":"Cr\u00e8me de nuit r\u00e9g\u00e9n\u00e9rante et anti-rides &#8211; Magiclear"},"content":{"rendered":"<p>Gel clarifiant action rapide &#8211; anti-taches + vitamin B3 &#8211; Magiclear &#8211; 50g<br \/>\nLa Cr\u00e8me de Nuit anti-age nourrit, renforce et maintient le niveau d\u2019hydratation de la peau pendant le sommeil. Effets puissants de renouvellement cellulaire et anti-\u00e2ge. La peau r\u00e9cup\u00e8re des dommages de l\u2019environnement quotidien, l\u2019hydratation naturelle retrouve son \u00e9quilibre.<br \/>\nContient de l&rsquo;acide octad\u00e9c\u00e8nedio\u00efque, des vitamines B3 et C, des extraits de feuilles de vignes et de r\u00e9glisse, de l&rsquo;allanto\u00efne et du bisabolol.<br \/>\nIngr\u00e9dients cl\u00e8s :<br \/>\nAcide octad\u00e9c\u00e8nedio\u00efque<br \/>\nVitamines B3 et C<br \/>\nGra\u00eene de raisins<br \/>\nExtrait de r\u00e9glisse<br \/>\nAllanto\u00efne<br \/>\nBisabolol<br \/>\nConseils d&rsquo;utilisation\u00a0 :<br \/>\nAppliquer le soir sur le visage pr\u00e9alablement nettoy\u00e9 et s\u00e9ch\u00e9. Pour de meilleurs r\u00e9sultats, appliquer apr\u00e8s le S\u00e9rum clarifiant \u00e0 action rapide ; le matin, utiliser la Cr\u00e8me de jour anti-\u00e2ge.<\/p>\n","protected":false},"excerpt":{"rendered":"<p>Magiclear\u00a0<br \/>\nLa Cr\u00e8me r\u00e9g\u00e9n\u00e9rante de nuit aide \u00e0 nourrir, renforcer et hydrater votre peau durant le sommeil. Les principes actifs utilis\u00e9s am\u00e9liorent l&rsquo;aspect g\u00e9n\u00e9ral de votre peau en octroyant transparence, souplesse et \u00e9clat. Ils aident \u00e0 prot\u00e9ger la peau des dommages caus\u00e9s par l&rsquo;environnement et favorisent ainsi le renouvellement naturel de l&rsquo;\u00e9piderme. La peau parait plus ferme, tonifi\u00e9e et lift\u00e9e. Sentez l&rsquo;hydratation naturelle, la douceur, la l\u00e9g\u00e8ret\u00e9 et le bien-\u00eatre au quotidien&#8230;<br \/>\nPoids net : 50gr<br \/>\nDLC : 03\/2027 (12 mois apr\u00e8s l&rsquo;ouverture)<\/p>\n","protected":false},"featured_media":852,"comment_status":"open","ping_status":"closed","template":"","meta":[],"pwb-brand":[84],"product_cat":[80],"product_tag":[],"class_list":{"0":"post-831","1":"product","2":"type-product","3":"status-publish","4":"has-post-thumbnail","6":"pwb-brand-magiclear","7":"product_cat-creme-peau-seche","8":"post","9":"ws-product--style-1","11":"first","12":"instock","13":"shipping-taxable","14":"purchasable","15":"product-type-simple"},"yoast_head":"<!-- This site is optimized with the Yoast SEO plugin v23.0 - https:\/\/yoast.com\/wordpress\/plugins\/seo\/ -->\n<title>Cr\u00e8me de nuit r\u00e9g\u00e9n\u00e9rante et anti-rides - Magiclear - OrthoPara<\/title>\n<meta name=\"robots\" content=\"index, follow, max-snippet:-1, max-image-preview:large, max-video-preview:-1\" \/>\n<link rel=\"canonical\" href=\"https:\/\/orthopara.store\/index.php\/produit\/creme-de-nuit-regenerante-et-anti-rides-magiclear\/\" \/>\n<meta property=\"og:locale\" content=\"fr_FR\" \/>\n<meta property=\"og:type\" content=\"article\" \/>\n<meta property=\"og:title\" content=\"Cr\u00e8me de nuit r\u00e9g\u00e9n\u00e9rante et anti-rides - Magiclear - OrthoPara\" \/>\n<meta property=\"og:description\" content=\"Magiclear\u00a0 La Cr\u00e8me r\u00e9g\u00e9n\u00e9rante de nuit aide \u00e0 nourrir, renforcer et hydrater votre peau durant le sommeil. Les principes actifs utilis\u00e9s am\u00e9liorent l&#039;aspect g\u00e9n\u00e9ral de votre peau en octroyant transparence, souplesse et \u00e9clat. Ils aident \u00e0 prot\u00e9ger la peau des dommages caus\u00e9s par l&#039;environnement et favorisent ainsi le renouvellement naturel de l&#039;\u00e9piderme. La peau parait plus ferme, tonifi\u00e9e et lift\u00e9e. Sentez l&#039;hydratation naturelle, la douceur, la l\u00e9g\u00e8ret\u00e9 et le bien-\u00eatre au quotidien... Poids net : 50gr DLC : 03\/2027 (12 mois apr\u00e8s l&#039;ouverture)\" \/>\n<meta property=\"og:url\" content=\"https:\/\/orthopara.store\/index.php\/produit\/creme-de-nuit-regenerante-et-anti-rides-magiclear\/\" \/>\n<meta property=\"og:site_name\" content=\"OrthoPara\" \/>\n<meta property=\"article:publisher\" content=\"https:\/\/www.facebook.com\/profile.php?id=61561194315651\" \/>\n<meta property=\"article:modified_time\" content=\"2024-11-10T15:16:16+00:00\" \/>\n<meta property=\"og:image\" content=\"https:\/\/orthopara.store\/wp-content\/uploads\/2024\/06\/creme-de-nuit-regenerante-et-anti-rides-magiclear.jpg\" \/>\n\t<meta property=\"og:image:width\" content=\"800\" \/>\n\t<meta property=\"og:image:height\" content=\"800\" \/>\n\t<meta property=\"og:image:type\" content=\"image\/jpeg\" \/>\n<meta name=\"twitter:card\" content=\"summary_large_image\" \/>\n<meta name=\"twitter:label1\" content=\"Dur\u00e9e de lecture estim\u00e9e\" \/>\n\t<meta name=\"twitter:data1\" content=\"1 minute\" \/>\n<script type=\"application\/ld+json\" class=\"yoast-schema-graph\">{\"@context\":\"https:\/\/schema.org\",\"@graph\":[{\"@type\":\"WebPage\",\"@id\":\"https:\/\/orthopara.store\/index.php\/produit\/creme-de-nuit-regenerante-et-anti-rides-magiclear\/\",\"url\":\"https:\/\/orthopara.store\/index.php\/produit\/creme-de-nuit-regenerante-et-anti-rides-magiclear\/\",\"name\":\"Cr\u00e8me de nuit r\u00e9g\u00e9n\u00e9rante et anti-rides - Magiclear - OrthoPara\",\"isPartOf\":{\"@id\":\"https:\/\/orthopara.store\/#website\"},\"primaryImageOfPage\":{\"@id\":\"https:\/\/orthopara.store\/index.php\/produit\/creme-de-nuit-regenerante-et-anti-rides-magiclear\/#primaryimage\"},\"image\":{\"@id\":\"https:\/\/orthopara.store\/index.php\/produit\/creme-de-nuit-regenerante-et-anti-rides-magiclear\/#primaryimage\"},\"thumbnailUrl\":\"https:\/\/orthopara.store\/wp-content\/uploads\/2024\/06\/creme-de-nuit-regenerante-et-anti-rides-magiclear.jpg\",\"datePublished\":\"2024-06-28T13:50:12+00:00\",\"dateModified\":\"2024-11-10T15:16:16+00:00\",\"breadcrumb\":{\"@id\":\"https:\/\/orthopara.store\/index.php\/produit\/creme-de-nuit-regenerante-et-anti-rides-magiclear\/#breadcrumb\"},\"inLanguage\":\"fr-FR\",\"potentialAction\":[{\"@type\":\"ReadAction\",\"target\":[\"https:\/\/orthopara.store\/index.php\/produit\/creme-de-nuit-regenerante-et-anti-rides-magiclear\/\"]}]},{\"@type\":\"ImageObject\",\"inLanguage\":\"fr-FR\",\"@id\":\"https:\/\/orthopara.store\/index.php\/produit\/creme-de-nuit-regenerante-et-anti-rides-magiclear\/#primaryimage\",\"url\":\"https:\/\/orthopara.store\/wp-content\/uploads\/2024\/06\/creme-de-nuit-regenerante-et-anti-rides-magiclear.jpg\",\"contentUrl\":\"https:\/\/orthopara.store\/wp-content\/uploads\/2024\/06\/creme-de-nuit-regenerante-et-anti-rides-magiclear.jpg\",\"width\":800,\"height\":800},{\"@type\":\"BreadcrumbList\",\"@id\":\"https:\/\/orthopara.store\/index.php\/produit\/creme-de-nuit-regenerante-et-anti-rides-magiclear\/#breadcrumb\",\"itemListElement\":[{\"@type\":\"ListItem\",\"position\":1,\"name\":\"Accueil\",\"item\":\"https:\/\/orthopara.store\/\"},{\"@type\":\"ListItem\",\"position\":2,\"name\":\"Shop\",\"item\":\"https:\/\/orthopara.store\/?page_id=622\"},{\"@type\":\"ListItem\",\"position\":3,\"name\":\"Cr\u00e8me de nuit r\u00e9g\u00e9n\u00e9rante et anti-rides &#8211; Magiclear\"}]},{\"@type\":\"WebSite\",\"@id\":\"https:\/\/orthopara.store\/#website\",\"url\":\"https:\/\/orthopara.store\/\",\"name\":\"OrthoPara\",\"description\":\"Parapharmacie\",\"publisher\":{\"@id\":\"https:\/\/orthopara.store\/#organization\"},\"potentialAction\":[{\"@type\":\"SearchAction\",\"target\":{\"@type\":\"EntryPoint\",\"urlTemplate\":\"https:\/\/orthopara.store\/?s={search_term_string}\"},\"query-input\":\"required name=search_term_string\"}],\"inLanguage\":\"fr-FR\"},{\"@type\":\"Organization\",\"@id\":\"https:\/\/orthopara.store\/#organization\",\"name\":\"OrthoPara\",\"url\":\"https:\/\/orthopara.store\/\",\"logo\":{\"@type\":\"ImageObject\",\"inLanguage\":\"fr-FR\",\"@id\":\"https:\/\/orthopara.store\/#\/schema\/logo\/image\/\",\"url\":\"https:\/\/orthopara.store\/wp-content\/uploads\/2024\/06\/cropped-9ABA8BAD-6256-4719-9315-15C66E64E882.png\",\"contentUrl\":\"https:\/\/orthopara.store\/wp-content\/uploads\/2024\/06\/cropped-9ABA8BAD-6256-4719-9315-15C66E64E882.png\",\"width\":240,\"height\":72,\"caption\":\"OrthoPara\"},\"image\":{\"@id\":\"https:\/\/orthopara.store\/#\/schema\/logo\/image\/\"},\"sameAs\":[\"https:\/\/www.facebook.com\/profile.php?id=61561194315651\",\"https:\/\/www.instagram.com\/orthopara_tunisie\/\"]}]}<\/script>\n<!-- \/ Yoast SEO plugin. -->","yoast_head_json":{"title":"Cr\u00e8me de nuit r\u00e9g\u00e9n\u00e9rante et anti-rides - Magiclear - OrthoPara","robots":{"index":"index","follow":"follow","max-snippet":"max-snippet:-1","max-image-preview":"max-image-preview:large","max-video-preview":"max-video-preview:-1"},"canonical":"https:\/\/orthopara.store\/index.php\/produit\/creme-de-nuit-regenerante-et-anti-rides-magiclear\/","og_locale":"fr_FR","og_type":"article","og_title":"Cr\u00e8me de nuit r\u00e9g\u00e9n\u00e9rante et anti-rides - Magiclear - OrthoPara","og_description":"Magiclear\u00a0 La Cr\u00e8me r\u00e9g\u00e9n\u00e9rante de nuit aide \u00e0 nourrir, renforcer et hydrater votre peau durant le sommeil. Les principes actifs utilis\u00e9s am\u00e9liorent l'aspect g\u00e9n\u00e9ral de votre peau en octroyant transparence, souplesse et \u00e9clat. Ils aident \u00e0 prot\u00e9ger la peau des dommages caus\u00e9s par l'environnement et favorisent ainsi le renouvellement naturel de l'\u00e9piderme. La peau parait plus ferme, tonifi\u00e9e et lift\u00e9e. Sentez l'hydratation naturelle, la douceur, la l\u00e9g\u00e8ret\u00e9 et le bien-\u00eatre au quotidien... Poids net : 50gr DLC : 03\/2027 (12 mois apr\u00e8s l'ouverture)","og_url":"https:\/\/orthopara.store\/index.php\/produit\/creme-de-nuit-regenerante-et-anti-rides-magiclear\/","og_site_name":"OrthoPara","article_publisher":"https:\/\/www.facebook.com\/profile.php?id=61561194315651","article_modified_time":"2024-11-10T15:16:16+00:00","og_image":[{"width":800,"height":800,"url":"https:\/\/orthopara.store\/wp-content\/uploads\/2024\/06\/creme-de-nuit-regenerante-et-anti-rides-magiclear.jpg","type":"image\/jpeg"}],"twitter_card":"summary_large_image","twitter_misc":{"Dur\u00e9e de lecture estim\u00e9e":"1 minute"},"schema":{"@context":"https:\/\/schema.org","@graph":[{"@type":"WebPage","@id":"https:\/\/orthopara.store\/index.php\/produit\/creme-de-nuit-regenerante-et-anti-rides-magiclear\/","url":"https:\/\/orthopara.store\/index.php\/produit\/creme-de-nuit-regenerante-et-anti-rides-magiclear\/","name":"Cr\u00e8me de nuit r\u00e9g\u00e9n\u00e9rante et anti-rides - Magiclear - OrthoPara","isPartOf":{"@id":"https:\/\/orthopara.store\/#website"},"primaryImageOfPage":{"@id":"https:\/\/orthopara.store\/index.php\/produit\/creme-de-nuit-regenerante-et-anti-rides-magiclear\/#primaryimage"},"image":{"@id":"https:\/\/orthopara.store\/index.php\/produit\/creme-de-nuit-regenerante-et-anti-rides-magiclear\/#primaryimage"},"thumbnailUrl":"https:\/\/orthopara.store\/wp-content\/uploads\/2024\/06\/creme-de-nuit-regenerante-et-anti-rides-magiclear.jpg","datePublished":"2024-06-28T13:50:12+00:00","dateModified":"2024-11-10T15:16:16+00:00","breadcrumb":{"@id":"https:\/\/orthopara.store\/index.php\/produit\/creme-de-nuit-regenerante-et-anti-rides-magiclear\/#breadcrumb"},"inLanguage":"fr-FR","potentialAction":[{"@type":"ReadAction","target":["https:\/\/orthopara.store\/index.php\/produit\/creme-de-nuit-regenerante-et-anti-rides-magiclear\/"]}]},{"@type":"ImageObject","inLanguage":"fr-FR","@id":"https:\/\/orthopara.store\/index.php\/produit\/creme-de-nuit-regenerante-et-anti-rides-magiclear\/#primaryimage","url":"https:\/\/orthopara.store\/wp-content\/uploads\/2024\/06\/creme-de-nuit-regenerante-et-anti-rides-magiclear.jpg","contentUrl":"https:\/\/orthopara.store\/wp-content\/uploads\/2024\/06\/creme-de-nuit-regenerante-et-anti-rides-magiclear.jpg","width":800,"height":800},{"@type":"BreadcrumbList","@id":"https:\/\/orthopara.store\/index.php\/produit\/creme-de-nuit-regenerante-et-anti-rides-magiclear\/#breadcrumb","itemListElement":[{"@type":"ListItem","position":1,"name":"Accueil","item":"https:\/\/orthopara.store\/"},{"@type":"ListItem","position":2,"name":"Shop","item":"https:\/\/orthopara.store\/?page_id=622"},{"@type":"ListItem","position":3,"name":"Cr\u00e8me de nuit r\u00e9g\u00e9n\u00e9rante et anti-rides &#8211; Magiclear"}]},{"@type":"WebSite","@id":"https:\/\/orthopara.store\/#website","url":"https:\/\/orthopara.store\/","name":"OrthoPara","description":"Parapharmacie","publisher":{"@id":"https:\/\/orthopara.store\/#organization"},"potentialAction":[{"@type":"SearchAction","target":{"@type":"EntryPoint","urlTemplate":"https:\/\/orthopara.store\/?s={search_term_string}"},"query-input":"required name=search_term_string"}],"inLanguage":"fr-FR"},{"@type":"Organization","@id":"https:\/\/orthopara.store\/#organization","name":"OrthoPara","url":"https:\/\/orthopara.store\/","logo":{"@type":"ImageObject","inLanguage":"fr-FR","@id":"https:\/\/orthopara.store\/#\/schema\/logo\/image\/","url":"https:\/\/orthopara.store\/wp-content\/uploads\/2024\/06\/cropped-9ABA8BAD-6256-4719-9315-15C66E64E882.png","contentUrl":"https:\/\/orthopara.store\/wp-content\/uploads\/2024\/06\/cropped-9ABA8BAD-6256-4719-9315-15C66E64E882.png","width":240,"height":72,"caption":"OrthoPara"},"image":{"@id":"https:\/\/orthopara.store\/#\/schema\/logo\/image\/"},"sameAs":["https:\/\/www.facebook.com\/profile.php?id=61561194315651","https:\/\/www.instagram.com\/orthopara_tunisie\/"]}]}},"jetpack_sharing_enabled":true,"brands":[{"id":84,"name":"Magiclear","slug":"magiclear"}],"_links":{"self":[{"href":"https:\/\/orthopara.store\/index.php?rest_route=\/wp\/v2\/product\/831","targetHints":{"allow":["GET"]}}],"collection":[{"href":"https:\/\/orthopara.store\/index.php?rest_route=\/wp\/v2\/product"}],"about":[{"href":"https:\/\/orthopara.store\/index.php?rest_route=\/wp\/v2\/types\/product"}],"replies":[{"embeddable":true,"href":"https:\/\/orthopara.store\/index.php?rest_route=%2Fwp%2Fv2%2Fcomments&post=831"}],"wp:featuredmedia":[{"embeddable":true,"href":"https:\/\/orthopara.store\/index.php?rest_route=\/wp\/v2\/media\/852"}],"wp:attachment":[{"href":"https:\/\/orthopara.store\/index.php?rest_route=%2Fwp%2Fv2%2Fmedia&parent=831"}],"wp:term":[{"taxonomy":"pwb-brand","embeddable":true,"href":"https:\/\/orthopara.store\/index.php?rest_route=%2Fwp%2Fv2%2Fpwb-brand&post=831"},{"taxonomy":"product_cat","embeddable":true,"href":"https:\/\/orthopara.store\/index.php?rest_route=%2Fwp%2Fv2%2Fproduct_cat&post=831"},{"taxonomy":"product_tag","embeddable":true,"href":"https:\/\/orthopara.store\/index.php?rest_route=%2Fwp%2Fv2%2Fproduct_tag&post=831"}],"curies":[{"name":"wp","href":"https:\/\/api.w.org\/{rel}","templated":true}]}}