{"id":906,"date":"2024-06-28T15:50:36","date_gmt":"2024-06-28T13:50:36","guid":{"rendered":"https:\/\/orthopara.store\/?post_type=product&#038;p=906"},"modified":"2024-06-28T15:50:45","modified_gmt":"2024-06-28T13:50:45","slug":"fond-de-teint-toleriance-11-la-roche-posay-beige-clair","status":"publish","type":"product","link":"https:\/\/orthopara.store\/?product=fond-de-teint-toleriance-11-la-roche-posay-beige-clair","title":{"rendered":"Fond de Teint Toleriance 11- La Roche Posay &#8211; Beige Clair"},"content":{"rendered":"<p>eint naturel et unifi\u00e9.<\/p>\n","protected":false},"excerpt":{"rendered":"<p>La Roche Posay<br \/>\nFond de Teint Toleriance 11\u00a0Beige Clair<br \/>\neint naturel et unifi\u00e9.<br \/>\nLa Mousse Matifiante Toleriane contr\u00f4le visiblement et tout au long de la journ\u00e9e la qualit\u00e9 et la tenue du maquillage.<br \/>\nEfficacit\u00e9 optimale par temps chaud et humide.<br \/>\nR\u00e9siste \u00e0 la transpiration.<br \/>\nTest\u00e9 sur peau sensible \u00e0 intol\u00e9rante.<\/p>\n","protected":false},"featured_media":926,"comment_status":"open","ping_status":"closed","template":"","meta":[],"pwb-brand":[101],"product_cat":[96],"product_tag":[],"class_list":{"0":"post-906","1":"product","2":"type-product","3":"status-publish","4":"has-post-thumbnail","6":"pwb-brand-la-roche-posay","7":"product_cat-fond-de-teint","8":"post","9":"ws-product--style-1","11":"first","12":"instock","13":"shipping-taxable","14":"purchasable","15":"product-type-simple"},"yoast_head":"<!-- This site is optimized with the Yoast SEO plugin v23.0 - https:\/\/yoast.com\/wordpress\/plugins\/seo\/ -->\n<title>Fond de Teint Toleriance 11- La Roche Posay - Beige Clair - OrthoPara<\/title>\n<meta name=\"robots\" content=\"index, follow, max-snippet:-1, max-image-preview:large, max-video-preview:-1\" \/>\n<link rel=\"canonical\" href=\"https:\/\/orthopara.store\/index.php\/produit\/fond-de-teint-toleriance-11-la-roche-posay-beige-clair\/\" \/>\n<meta property=\"og:locale\" content=\"fr_FR\" \/>\n<meta property=\"og:type\" content=\"article\" \/>\n<meta property=\"og:title\" content=\"Fond de Teint Toleriance 11- La Roche Posay - Beige Clair - OrthoPara\" \/>\n<meta property=\"og:description\" content=\"La Roche Posay Fond de Teint Toleriance 11\u00a0Beige Clair eint naturel et unifi\u00e9. La Mousse Matifiante Toleriane contr\u00f4le visiblement et tout au long de la journ\u00e9e la qualit\u00e9 et la tenue du maquillage. Efficacit\u00e9 optimale par temps chaud et humide. R\u00e9siste \u00e0 la transpiration. Test\u00e9 sur peau sensible \u00e0 intol\u00e9rante.\" \/>\n<meta property=\"og:url\" content=\"https:\/\/orthopara.store\/index.php\/produit\/fond-de-teint-toleriance-11-la-roche-posay-beige-clair\/\" \/>\n<meta property=\"og:site_name\" content=\"OrthoPara\" \/>\n<meta property=\"article:publisher\" content=\"https:\/\/www.facebook.com\/profile.php?id=61561194315651\" \/>\n<meta property=\"article:modified_time\" content=\"2024-06-28T13:50:45+00:00\" \/>\n<meta property=\"og:image\" content=\"https:\/\/orthopara.store\/wp-content\/uploads\/2024\/06\/fond-de-teint-toleriance-11-la-roche-posay-beige-clair.jpg\" \/>\n\t<meta property=\"og:image:width\" content=\"800\" \/>\n\t<meta property=\"og:image:height\" content=\"800\" \/>\n\t<meta property=\"og:image:type\" content=\"image\/jpeg\" \/>\n<meta name=\"twitter:card\" content=\"summary_large_image\" \/>\n<script type=\"application\/ld+json\" class=\"yoast-schema-graph\">{\"@context\":\"https:\/\/schema.org\",\"@graph\":[{\"@type\":\"WebPage\",\"@id\":\"https:\/\/orthopara.store\/index.php\/produit\/fond-de-teint-toleriance-11-la-roche-posay-beige-clair\/\",\"url\":\"https:\/\/orthopara.store\/index.php\/produit\/fond-de-teint-toleriance-11-la-roche-posay-beige-clair\/\",\"name\":\"Fond de Teint Toleriance 11- La Roche Posay - Beige Clair - OrthoPara\",\"isPartOf\":{\"@id\":\"https:\/\/orthopara.store\/#website\"},\"primaryImageOfPage\":{\"@id\":\"https:\/\/orthopara.store\/index.php\/produit\/fond-de-teint-toleriance-11-la-roche-posay-beige-clair\/#primaryimage\"},\"image\":{\"@id\":\"https:\/\/orthopara.store\/index.php\/produit\/fond-de-teint-toleriance-11-la-roche-posay-beige-clair\/#primaryimage\"},\"thumbnailUrl\":\"https:\/\/orthopara.store\/wp-content\/uploads\/2024\/06\/fond-de-teint-toleriance-11-la-roche-posay-beige-clair.jpg\",\"datePublished\":\"2024-06-28T13:50:36+00:00\",\"dateModified\":\"2024-06-28T13:50:45+00:00\",\"breadcrumb\":{\"@id\":\"https:\/\/orthopara.store\/index.php\/produit\/fond-de-teint-toleriance-11-la-roche-posay-beige-clair\/#breadcrumb\"},\"inLanguage\":\"fr-FR\",\"potentialAction\":[{\"@type\":\"ReadAction\",\"target\":[\"https:\/\/orthopara.store\/index.php\/produit\/fond-de-teint-toleriance-11-la-roche-posay-beige-clair\/\"]}]},{\"@type\":\"ImageObject\",\"inLanguage\":\"fr-FR\",\"@id\":\"https:\/\/orthopara.store\/index.php\/produit\/fond-de-teint-toleriance-11-la-roche-posay-beige-clair\/#primaryimage\",\"url\":\"https:\/\/orthopara.store\/wp-content\/uploads\/2024\/06\/fond-de-teint-toleriance-11-la-roche-posay-beige-clair.jpg\",\"contentUrl\":\"https:\/\/orthopara.store\/wp-content\/uploads\/2024\/06\/fond-de-teint-toleriance-11-la-roche-posay-beige-clair.jpg\",\"width\":800,\"height\":800},{\"@type\":\"BreadcrumbList\",\"@id\":\"https:\/\/orthopara.store\/index.php\/produit\/fond-de-teint-toleriance-11-la-roche-posay-beige-clair\/#breadcrumb\",\"itemListElement\":[{\"@type\":\"ListItem\",\"position\":1,\"name\":\"Accueil\",\"item\":\"https:\/\/orthopara.store\/\"},{\"@type\":\"ListItem\",\"position\":2,\"name\":\"Shop\",\"item\":\"https:\/\/orthopara.store\/?page_id=622\"},{\"@type\":\"ListItem\",\"position\":3,\"name\":\"Fond de Teint Toleriance 11- La Roche Posay &#8211; Beige Clair\"}]},{\"@type\":\"WebSite\",\"@id\":\"https:\/\/orthopara.store\/#website\",\"url\":\"https:\/\/orthopara.store\/\",\"name\":\"OrthoPara\",\"description\":\"Parapharmacie\",\"publisher\":{\"@id\":\"https:\/\/orthopara.store\/#organization\"},\"potentialAction\":[{\"@type\":\"SearchAction\",\"target\":{\"@type\":\"EntryPoint\",\"urlTemplate\":\"https:\/\/orthopara.store\/?s={search_term_string}\"},\"query-input\":\"required name=search_term_string\"}],\"inLanguage\":\"fr-FR\"},{\"@type\":\"Organization\",\"@id\":\"https:\/\/orthopara.store\/#organization\",\"name\":\"OrthoPara\",\"url\":\"https:\/\/orthopara.store\/\",\"logo\":{\"@type\":\"ImageObject\",\"inLanguage\":\"fr-FR\",\"@id\":\"https:\/\/orthopara.store\/#\/schema\/logo\/image\/\",\"url\":\"https:\/\/orthopara.store\/wp-content\/uploads\/2024\/06\/cropped-9ABA8BAD-6256-4719-9315-15C66E64E882.png\",\"contentUrl\":\"https:\/\/orthopara.store\/wp-content\/uploads\/2024\/06\/cropped-9ABA8BAD-6256-4719-9315-15C66E64E882.png\",\"width\":240,\"height\":72,\"caption\":\"OrthoPara\"},\"image\":{\"@id\":\"https:\/\/orthopara.store\/#\/schema\/logo\/image\/\"},\"sameAs\":[\"https:\/\/www.facebook.com\/profile.php?id=61561194315651\",\"https:\/\/www.instagram.com\/orthopara_tunisie\/\"]}]}<\/script>\n<!-- \/ Yoast SEO plugin. -->","yoast_head_json":{"title":"Fond de Teint Toleriance 11- La Roche Posay - Beige Clair - OrthoPara","robots":{"index":"index","follow":"follow","max-snippet":"max-snippet:-1","max-image-preview":"max-image-preview:large","max-video-preview":"max-video-preview:-1"},"canonical":"https:\/\/orthopara.store\/index.php\/produit\/fond-de-teint-toleriance-11-la-roche-posay-beige-clair\/","og_locale":"fr_FR","og_type":"article","og_title":"Fond de Teint Toleriance 11- La Roche Posay - Beige Clair - OrthoPara","og_description":"La Roche Posay Fond de Teint Toleriance 11\u00a0Beige Clair eint naturel et unifi\u00e9. La Mousse Matifiante Toleriane contr\u00f4le visiblement et tout au long de la journ\u00e9e la qualit\u00e9 et la tenue du maquillage. Efficacit\u00e9 optimale par temps chaud et humide. R\u00e9siste \u00e0 la transpiration. Test\u00e9 sur peau sensible \u00e0 intol\u00e9rante.","og_url":"https:\/\/orthopara.store\/index.php\/produit\/fond-de-teint-toleriance-11-la-roche-posay-beige-clair\/","og_site_name":"OrthoPara","article_publisher":"https:\/\/www.facebook.com\/profile.php?id=61561194315651","article_modified_time":"2024-06-28T13:50:45+00:00","og_image":[{"width":800,"height":800,"url":"https:\/\/orthopara.store\/wp-content\/uploads\/2024\/06\/fond-de-teint-toleriance-11-la-roche-posay-beige-clair.jpg","type":"image\/jpeg"}],"twitter_card":"summary_large_image","schema":{"@context":"https:\/\/schema.org","@graph":[{"@type":"WebPage","@id":"https:\/\/orthopara.store\/index.php\/produit\/fond-de-teint-toleriance-11-la-roche-posay-beige-clair\/","url":"https:\/\/orthopara.store\/index.php\/produit\/fond-de-teint-toleriance-11-la-roche-posay-beige-clair\/","name":"Fond de Teint Toleriance 11- La Roche Posay - Beige Clair - OrthoPara","isPartOf":{"@id":"https:\/\/orthopara.store\/#website"},"primaryImageOfPage":{"@id":"https:\/\/orthopara.store\/index.php\/produit\/fond-de-teint-toleriance-11-la-roche-posay-beige-clair\/#primaryimage"},"image":{"@id":"https:\/\/orthopara.store\/index.php\/produit\/fond-de-teint-toleriance-11-la-roche-posay-beige-clair\/#primaryimage"},"thumbnailUrl":"https:\/\/orthopara.store\/wp-content\/uploads\/2024\/06\/fond-de-teint-toleriance-11-la-roche-posay-beige-clair.jpg","datePublished":"2024-06-28T13:50:36+00:00","dateModified":"2024-06-28T13:50:45+00:00","breadcrumb":{"@id":"https:\/\/orthopara.store\/index.php\/produit\/fond-de-teint-toleriance-11-la-roche-posay-beige-clair\/#breadcrumb"},"inLanguage":"fr-FR","potentialAction":[{"@type":"ReadAction","target":["https:\/\/orthopara.store\/index.php\/produit\/fond-de-teint-toleriance-11-la-roche-posay-beige-clair\/"]}]},{"@type":"ImageObject","inLanguage":"fr-FR","@id":"https:\/\/orthopara.store\/index.php\/produit\/fond-de-teint-toleriance-11-la-roche-posay-beige-clair\/#primaryimage","url":"https:\/\/orthopara.store\/wp-content\/uploads\/2024\/06\/fond-de-teint-toleriance-11-la-roche-posay-beige-clair.jpg","contentUrl":"https:\/\/orthopara.store\/wp-content\/uploads\/2024\/06\/fond-de-teint-toleriance-11-la-roche-posay-beige-clair.jpg","width":800,"height":800},{"@type":"BreadcrumbList","@id":"https:\/\/orthopara.store\/index.php\/produit\/fond-de-teint-toleriance-11-la-roche-posay-beige-clair\/#breadcrumb","itemListElement":[{"@type":"ListItem","position":1,"name":"Accueil","item":"https:\/\/orthopara.store\/"},{"@type":"ListItem","position":2,"name":"Shop","item":"https:\/\/orthopara.store\/?page_id=622"},{"@type":"ListItem","position":3,"name":"Fond de Teint Toleriance 11- La Roche Posay &#8211; Beige Clair"}]},{"@type":"WebSite","@id":"https:\/\/orthopara.store\/#website","url":"https:\/\/orthopara.store\/","name":"OrthoPara","description":"Parapharmacie","publisher":{"@id":"https:\/\/orthopara.store\/#organization"},"potentialAction":[{"@type":"SearchAction","target":{"@type":"EntryPoint","urlTemplate":"https:\/\/orthopara.store\/?s={search_term_string}"},"query-input":"required name=search_term_string"}],"inLanguage":"fr-FR"},{"@type":"Organization","@id":"https:\/\/orthopara.store\/#organization","name":"OrthoPara","url":"https:\/\/orthopara.store\/","logo":{"@type":"ImageObject","inLanguage":"fr-FR","@id":"https:\/\/orthopara.store\/#\/schema\/logo\/image\/","url":"https:\/\/orthopara.store\/wp-content\/uploads\/2024\/06\/cropped-9ABA8BAD-6256-4719-9315-15C66E64E882.png","contentUrl":"https:\/\/orthopara.store\/wp-content\/uploads\/2024\/06\/cropped-9ABA8BAD-6256-4719-9315-15C66E64E882.png","width":240,"height":72,"caption":"OrthoPara"},"image":{"@id":"https:\/\/orthopara.store\/#\/schema\/logo\/image\/"},"sameAs":["https:\/\/www.facebook.com\/profile.php?id=61561194315651","https:\/\/www.instagram.com\/orthopara_tunisie\/"]}]}},"jetpack_sharing_enabled":true,"brands":[{"id":101,"name":"La Roche-POSAY","slug":"la-roche-posay"}],"_links":{"self":[{"href":"https:\/\/orthopara.store\/index.php?rest_route=\/wp\/v2\/product\/906","targetHints":{"allow":["GET"]}}],"collection":[{"href":"https:\/\/orthopara.store\/index.php?rest_route=\/wp\/v2\/product"}],"about":[{"href":"https:\/\/orthopara.store\/index.php?rest_route=\/wp\/v2\/types\/product"}],"replies":[{"embeddable":true,"href":"https:\/\/orthopara.store\/index.php?rest_route=%2Fwp%2Fv2%2Fcomments&post=906"}],"wp:featuredmedia":[{"embeddable":true,"href":"https:\/\/orthopara.store\/index.php?rest_route=\/wp\/v2\/media\/926"}],"wp:attachment":[{"href":"https:\/\/orthopara.store\/index.php?rest_route=%2Fwp%2Fv2%2Fmedia&parent=906"}],"wp:term":[{"taxonomy":"pwb-brand","embeddable":true,"href":"https:\/\/orthopara.store\/index.php?rest_route=%2Fwp%2Fv2%2Fpwb-brand&post=906"},{"taxonomy":"product_cat","embeddable":true,"href":"https:\/\/orthopara.store\/index.php?rest_route=%2Fwp%2Fv2%2Fproduct_cat&post=906"},{"taxonomy":"product_tag","embeddable":true,"href":"https:\/\/orthopara.store\/index.php?rest_route=%2Fwp%2Fv2%2Fproduct_tag&post=906"}],"curies":[{"name":"wp","href":"https:\/\/api.w.org\/{rel}","templated":true}]}}