{"id":979,"date":"2024-06-28T15:50:59","date_gmt":"2024-06-28T13:50:59","guid":{"rendered":"https:\/\/orthopara.store\/?post_type=product&#038;p=979"},"modified":"2024-06-28T15:51:07","modified_gmt":"2024-06-28T13:51:07","slug":"roncey-biosun-stick-a-levres-photoprotecteur-spf30","status":"publish","type":"product","link":"https:\/\/orthopara.store\/?product=roncey-biosun-stick-a-levres-photoprotecteur-spf30","title":{"rendered":"Roncey Biosun &#8211; Stick \u00e0 l\u00e8vres photoprotecteur SPF30+"},"content":{"rendered":"<p>Reconstituant et fortifiant, le soin des l\u00e8vres est enrichi de SPF30, offrant un bouclier d\u00e9fensif contre les agresseurs UVA et UVB pour assurer la protection de la peau. Le beurre de karit\u00e9 apaisant, l\u2019huile d\u2019argan et la vitamine E revitalisent les l\u00e8vres avec leurs propri\u00e9t\u00e9s ultra-revitalisantes, travaillant pour hydrater et calmer l\u2019inconfort des zones gerc\u00e9es et gerc\u00e9es de la peau pour laisser votre moue lisse et souple. Renouveler l\u2019application tout au long de la journ\u00e9e pour maintenir une couverture optimale.<br \/>\nAvantages:<br \/>\nProt\u00e8ge contre le soleil, le vent et le froid (protection UVA et UVB)<br \/>\nFournit des soins intensifs et de l\u2019hydratation aux l\u00e8vres s\u00e8ches et gerc\u00e9es avec de l\u2019huile d\u2019argan et du beurre de karit\u00e9<br \/>\nPas de couleurs artificielles<br \/>\nStable \u00e0 la temp\u00e9rature.<br \/>\nConseils d\u2019utilisation :<br \/>\n\u00a0Appliquer directement sur les l\u00e8vres, en assurant une nouvelle application tout au long de la journ\u00e9e.<\/p>\n","protected":false},"excerpt":{"rendered":"<p>Pr\u00e9servez et nourrissez votre moue avec le Biosun Lip Protection SPF30. Ce baume \u00e0 l\u00e8vres est rempli d\u2019une foule d\u2019ingr\u00e9dients nourrissants (vitamine E, beurre de karit\u00e9, huile de ricin et huile d&rsquo;argan) pour aider \u00e0 prot\u00e9ger les l\u00e8vres des dommages li\u00e9s au soleil, en les gardant confortables et soyeuses.<\/p>\n","protected":false},"featured_media":1005,"comment_status":"open","ping_status":"closed","template":"","meta":[],"pwb-brand":[53],"product_cat":[106],"product_tag":[],"class_list":{"0":"post-979","1":"product","2":"type-product","3":"status-publish","4":"has-post-thumbnail","6":"pwb-brand-roncey-pharma","7":"product_cat-soins-des-levres","8":"post","9":"ws-product--style-1","11":"first","12":"instock","13":"shipping-taxable","14":"purchasable","15":"product-type-simple"},"yoast_head":"<!-- This site is optimized with the Yoast SEO plugin v23.0 - https:\/\/yoast.com\/wordpress\/plugins\/seo\/ -->\n<title>Roncey Biosun - Stick \u00e0 l\u00e8vres photoprotecteur SPF30+ - OrthoPara<\/title>\n<meta name=\"robots\" content=\"index, follow, max-snippet:-1, max-image-preview:large, max-video-preview:-1\" \/>\n<link rel=\"canonical\" href=\"https:\/\/orthopara.store\/index.php\/produit\/roncey-biosun-stick-a-levres-photoprotecteur-spf30\/\" \/>\n<meta property=\"og:locale\" content=\"fr_FR\" \/>\n<meta property=\"og:type\" content=\"article\" \/>\n<meta property=\"og:title\" content=\"Roncey Biosun - Stick \u00e0 l\u00e8vres photoprotecteur SPF30+ - OrthoPara\" \/>\n<meta property=\"og:description\" content=\"Pr\u00e9servez et nourrissez votre moue avec le Biosun Lip Protection SPF30. Ce baume \u00e0 l\u00e8vres est rempli d\u2019une foule d\u2019ingr\u00e9dients nourrissants (vitamine E, beurre de karit\u00e9, huile de ricin et huile d&#039;argan) pour aider \u00e0 prot\u00e9ger les l\u00e8vres des dommages li\u00e9s au soleil, en les gardant confortables et soyeuses.\" \/>\n<meta property=\"og:url\" content=\"https:\/\/orthopara.store\/index.php\/produit\/roncey-biosun-stick-a-levres-photoprotecteur-spf30\/\" \/>\n<meta property=\"og:site_name\" content=\"OrthoPara\" \/>\n<meta property=\"article:publisher\" content=\"https:\/\/www.facebook.com\/profile.php?id=61561194315651\" \/>\n<meta property=\"article:modified_time\" content=\"2024-06-28T13:51:07+00:00\" \/>\n<meta property=\"og:image\" content=\"https:\/\/orthopara.store\/wp-content\/uploads\/2024\/06\/roncey-biosun-stick-a-levres-photoprotecteur-spf30.jpg\" \/>\n\t<meta property=\"og:image:width\" content=\"800\" \/>\n\t<meta property=\"og:image:height\" content=\"800\" \/>\n\t<meta property=\"og:image:type\" content=\"image\/jpeg\" \/>\n<meta name=\"twitter:card\" content=\"summary_large_image\" \/>\n<meta name=\"twitter:label1\" content=\"Dur\u00e9e de lecture estim\u00e9e\" \/>\n\t<meta name=\"twitter:data1\" content=\"1 minute\" \/>\n<script type=\"application\/ld+json\" class=\"yoast-schema-graph\">{\"@context\":\"https:\/\/schema.org\",\"@graph\":[{\"@type\":\"WebPage\",\"@id\":\"https:\/\/orthopara.store\/index.php\/produit\/roncey-biosun-stick-a-levres-photoprotecteur-spf30\/\",\"url\":\"https:\/\/orthopara.store\/index.php\/produit\/roncey-biosun-stick-a-levres-photoprotecteur-spf30\/\",\"name\":\"Roncey Biosun - Stick \u00e0 l\u00e8vres photoprotecteur SPF30+ - OrthoPara\",\"isPartOf\":{\"@id\":\"https:\/\/orthopara.store\/#website\"},\"primaryImageOfPage\":{\"@id\":\"https:\/\/orthopara.store\/index.php\/produit\/roncey-biosun-stick-a-levres-photoprotecteur-spf30\/#primaryimage\"},\"image\":{\"@id\":\"https:\/\/orthopara.store\/index.php\/produit\/roncey-biosun-stick-a-levres-photoprotecteur-spf30\/#primaryimage\"},\"thumbnailUrl\":\"https:\/\/orthopara.store\/wp-content\/uploads\/2024\/06\/roncey-biosun-stick-a-levres-photoprotecteur-spf30.jpg\",\"datePublished\":\"2024-06-28T13:50:59+00:00\",\"dateModified\":\"2024-06-28T13:51:07+00:00\",\"breadcrumb\":{\"@id\":\"https:\/\/orthopara.store\/index.php\/produit\/roncey-biosun-stick-a-levres-photoprotecteur-spf30\/#breadcrumb\"},\"inLanguage\":\"fr-FR\",\"potentialAction\":[{\"@type\":\"ReadAction\",\"target\":[\"https:\/\/orthopara.store\/index.php\/produit\/roncey-biosun-stick-a-levres-photoprotecteur-spf30\/\"]}]},{\"@type\":\"ImageObject\",\"inLanguage\":\"fr-FR\",\"@id\":\"https:\/\/orthopara.store\/index.php\/produit\/roncey-biosun-stick-a-levres-photoprotecteur-spf30\/#primaryimage\",\"url\":\"https:\/\/orthopara.store\/wp-content\/uploads\/2024\/06\/roncey-biosun-stick-a-levres-photoprotecteur-spf30.jpg\",\"contentUrl\":\"https:\/\/orthopara.store\/wp-content\/uploads\/2024\/06\/roncey-biosun-stick-a-levres-photoprotecteur-spf30.jpg\",\"width\":800,\"height\":800},{\"@type\":\"BreadcrumbList\",\"@id\":\"https:\/\/orthopara.store\/index.php\/produit\/roncey-biosun-stick-a-levres-photoprotecteur-spf30\/#breadcrumb\",\"itemListElement\":[{\"@type\":\"ListItem\",\"position\":1,\"name\":\"Accueil\",\"item\":\"https:\/\/orthopara.store\/\"},{\"@type\":\"ListItem\",\"position\":2,\"name\":\"Shop\",\"item\":\"https:\/\/orthopara.store\/?page_id=622\"},{\"@type\":\"ListItem\",\"position\":3,\"name\":\"Roncey Biosun &#8211; Stick \u00e0 l\u00e8vres photoprotecteur SPF30+\"}]},{\"@type\":\"WebSite\",\"@id\":\"https:\/\/orthopara.store\/#website\",\"url\":\"https:\/\/orthopara.store\/\",\"name\":\"OrthoPara\",\"description\":\"Parapharmacie\",\"publisher\":{\"@id\":\"https:\/\/orthopara.store\/#organization\"},\"potentialAction\":[{\"@type\":\"SearchAction\",\"target\":{\"@type\":\"EntryPoint\",\"urlTemplate\":\"https:\/\/orthopara.store\/?s={search_term_string}\"},\"query-input\":\"required name=search_term_string\"}],\"inLanguage\":\"fr-FR\"},{\"@type\":\"Organization\",\"@id\":\"https:\/\/orthopara.store\/#organization\",\"name\":\"OrthoPara\",\"url\":\"https:\/\/orthopara.store\/\",\"logo\":{\"@type\":\"ImageObject\",\"inLanguage\":\"fr-FR\",\"@id\":\"https:\/\/orthopara.store\/#\/schema\/logo\/image\/\",\"url\":\"https:\/\/orthopara.store\/wp-content\/uploads\/2024\/06\/cropped-9ABA8BAD-6256-4719-9315-15C66E64E882.png\",\"contentUrl\":\"https:\/\/orthopara.store\/wp-content\/uploads\/2024\/06\/cropped-9ABA8BAD-6256-4719-9315-15C66E64E882.png\",\"width\":240,\"height\":72,\"caption\":\"OrthoPara\"},\"image\":{\"@id\":\"https:\/\/orthopara.store\/#\/schema\/logo\/image\/\"},\"sameAs\":[\"https:\/\/www.facebook.com\/profile.php?id=61561194315651\",\"https:\/\/www.instagram.com\/orthopara_tunisie\/\"]}]}<\/script>\n<!-- \/ Yoast SEO plugin. -->","yoast_head_json":{"title":"Roncey Biosun - Stick \u00e0 l\u00e8vres photoprotecteur SPF30+ - OrthoPara","robots":{"index":"index","follow":"follow","max-snippet":"max-snippet:-1","max-image-preview":"max-image-preview:large","max-video-preview":"max-video-preview:-1"},"canonical":"https:\/\/orthopara.store\/index.php\/produit\/roncey-biosun-stick-a-levres-photoprotecteur-spf30\/","og_locale":"fr_FR","og_type":"article","og_title":"Roncey Biosun - Stick \u00e0 l\u00e8vres photoprotecteur SPF30+ - OrthoPara","og_description":"Pr\u00e9servez et nourrissez votre moue avec le Biosun Lip Protection SPF30. Ce baume \u00e0 l\u00e8vres est rempli d\u2019une foule d\u2019ingr\u00e9dients nourrissants (vitamine E, beurre de karit\u00e9, huile de ricin et huile d'argan) pour aider \u00e0 prot\u00e9ger les l\u00e8vres des dommages li\u00e9s au soleil, en les gardant confortables et soyeuses.","og_url":"https:\/\/orthopara.store\/index.php\/produit\/roncey-biosun-stick-a-levres-photoprotecteur-spf30\/","og_site_name":"OrthoPara","article_publisher":"https:\/\/www.facebook.com\/profile.php?id=61561194315651","article_modified_time":"2024-06-28T13:51:07+00:00","og_image":[{"width":800,"height":800,"url":"https:\/\/orthopara.store\/wp-content\/uploads\/2024\/06\/roncey-biosun-stick-a-levres-photoprotecteur-spf30.jpg","type":"image\/jpeg"}],"twitter_card":"summary_large_image","twitter_misc":{"Dur\u00e9e de lecture estim\u00e9e":"1 minute"},"schema":{"@context":"https:\/\/schema.org","@graph":[{"@type":"WebPage","@id":"https:\/\/orthopara.store\/index.php\/produit\/roncey-biosun-stick-a-levres-photoprotecteur-spf30\/","url":"https:\/\/orthopara.store\/index.php\/produit\/roncey-biosun-stick-a-levres-photoprotecteur-spf30\/","name":"Roncey Biosun - Stick \u00e0 l\u00e8vres photoprotecteur SPF30+ - OrthoPara","isPartOf":{"@id":"https:\/\/orthopara.store\/#website"},"primaryImageOfPage":{"@id":"https:\/\/orthopara.store\/index.php\/produit\/roncey-biosun-stick-a-levres-photoprotecteur-spf30\/#primaryimage"},"image":{"@id":"https:\/\/orthopara.store\/index.php\/produit\/roncey-biosun-stick-a-levres-photoprotecteur-spf30\/#primaryimage"},"thumbnailUrl":"https:\/\/orthopara.store\/wp-content\/uploads\/2024\/06\/roncey-biosun-stick-a-levres-photoprotecteur-spf30.jpg","datePublished":"2024-06-28T13:50:59+00:00","dateModified":"2024-06-28T13:51:07+00:00","breadcrumb":{"@id":"https:\/\/orthopara.store\/index.php\/produit\/roncey-biosun-stick-a-levres-photoprotecteur-spf30\/#breadcrumb"},"inLanguage":"fr-FR","potentialAction":[{"@type":"ReadAction","target":["https:\/\/orthopara.store\/index.php\/produit\/roncey-biosun-stick-a-levres-photoprotecteur-spf30\/"]}]},{"@type":"ImageObject","inLanguage":"fr-FR","@id":"https:\/\/orthopara.store\/index.php\/produit\/roncey-biosun-stick-a-levres-photoprotecteur-spf30\/#primaryimage","url":"https:\/\/orthopara.store\/wp-content\/uploads\/2024\/06\/roncey-biosun-stick-a-levres-photoprotecteur-spf30.jpg","contentUrl":"https:\/\/orthopara.store\/wp-content\/uploads\/2024\/06\/roncey-biosun-stick-a-levres-photoprotecteur-spf30.jpg","width":800,"height":800},{"@type":"BreadcrumbList","@id":"https:\/\/orthopara.store\/index.php\/produit\/roncey-biosun-stick-a-levres-photoprotecteur-spf30\/#breadcrumb","itemListElement":[{"@type":"ListItem","position":1,"name":"Accueil","item":"https:\/\/orthopara.store\/"},{"@type":"ListItem","position":2,"name":"Shop","item":"https:\/\/orthopara.store\/?page_id=622"},{"@type":"ListItem","position":3,"name":"Roncey Biosun &#8211; Stick \u00e0 l\u00e8vres photoprotecteur SPF30+"}]},{"@type":"WebSite","@id":"https:\/\/orthopara.store\/#website","url":"https:\/\/orthopara.store\/","name":"OrthoPara","description":"Parapharmacie","publisher":{"@id":"https:\/\/orthopara.store\/#organization"},"potentialAction":[{"@type":"SearchAction","target":{"@type":"EntryPoint","urlTemplate":"https:\/\/orthopara.store\/?s={search_term_string}"},"query-input":"required name=search_term_string"}],"inLanguage":"fr-FR"},{"@type":"Organization","@id":"https:\/\/orthopara.store\/#organization","name":"OrthoPara","url":"https:\/\/orthopara.store\/","logo":{"@type":"ImageObject","inLanguage":"fr-FR","@id":"https:\/\/orthopara.store\/#\/schema\/logo\/image\/","url":"https:\/\/orthopara.store\/wp-content\/uploads\/2024\/06\/cropped-9ABA8BAD-6256-4719-9315-15C66E64E882.png","contentUrl":"https:\/\/orthopara.store\/wp-content\/uploads\/2024\/06\/cropped-9ABA8BAD-6256-4719-9315-15C66E64E882.png","width":240,"height":72,"caption":"OrthoPara"},"image":{"@id":"https:\/\/orthopara.store\/#\/schema\/logo\/image\/"},"sameAs":["https:\/\/www.facebook.com\/profile.php?id=61561194315651","https:\/\/www.instagram.com\/orthopara_tunisie\/"]}]}},"jetpack_sharing_enabled":true,"brands":[{"id":53,"name":"Roncey Pharma","slug":"roncey-pharma"}],"_links":{"self":[{"href":"https:\/\/orthopara.store\/index.php?rest_route=\/wp\/v2\/product\/979","targetHints":{"allow":["GET"]}}],"collection":[{"href":"https:\/\/orthopara.store\/index.php?rest_route=\/wp\/v2\/product"}],"about":[{"href":"https:\/\/orthopara.store\/index.php?rest_route=\/wp\/v2\/types\/product"}],"replies":[{"embeddable":true,"href":"https:\/\/orthopara.store\/index.php?rest_route=%2Fwp%2Fv2%2Fcomments&post=979"}],"wp:featuredmedia":[{"embeddable":true,"href":"https:\/\/orthopara.store\/index.php?rest_route=\/wp\/v2\/media\/1005"}],"wp:attachment":[{"href":"https:\/\/orthopara.store\/index.php?rest_route=%2Fwp%2Fv2%2Fmedia&parent=979"}],"wp:term":[{"taxonomy":"pwb-brand","embeddable":true,"href":"https:\/\/orthopara.store\/index.php?rest_route=%2Fwp%2Fv2%2Fpwb-brand&post=979"},{"taxonomy":"product_cat","embeddable":true,"href":"https:\/\/orthopara.store\/index.php?rest_route=%2Fwp%2Fv2%2Fproduct_cat&post=979"},{"taxonomy":"product_tag","embeddable":true,"href":"https:\/\/orthopara.store\/index.php?rest_route=%2Fwp%2Fv2%2Fproduct_tag&post=979"}],"curies":[{"name":"wp","href":"https:\/\/api.w.org\/{rel}","templated":true}]}}